z*m(s) + 11*x(s). What is the units digit of j(7)?
5
Let c(s) = 2*s - 2. Let w be c(0). What is the tens digit of (-6)/(w - 124/(-64))?
9
Let w be -6 - -2 - (-410)/2. Suppose -w = -c - 2*g, 0*c - 3*c - g = -628. What is the units digit of c?
1
Suppose -4*z = -20, 3*z - 161 = -2*y + 4*z. What is the tens digit of y?
8
Let v(q) = q**2 - 3*q + 3. Let f be v(3). Suppose -h + 16 = 4*d, -f - 5 = -5*h + 4*d. Suppose 0*p - 152 = -h*p. What is the units digit of p?
8
Let f = -4 - -12. Let h(x) = -x**2 + 4*x - 3. Let p be h(1). What is the tens digit of f*(p - 5/(-2))?
2
Suppose 3*k = -2*w - 547, 3*k + 277 = -4*w - 820. Let p = w + 400. What is the tens digit of p?
2
Suppose 0 = 4*k + 2 + 2. Let h = 6 - k. Suppose h + 8 = v. What is the tens digit of v?
1
What is the tens digit of ((395080/30)/(-17))/(4/(-6))?
6
Suppose 3*p - 8054 = 5*c, p - 1383 = c + 1305. What is the tens digit of p?
9
Let k(m) = -m**3 - m**2 + 14*m - 3. Let v be k(6). Let u = 342 + v. What is the hundreds digit of u?
1
Let f = 753 - 222. What is the hundreds digit of f?
5
Let z(t) = 2*t**2 + 3*t. Let k be z(-2). Suppose -4*u + w + 43 = 0, -3*u - k*w + 23 = -1. What is the units digit of u?
0
Suppose 0 = 45*j - 43*j - 10. Suppose 5*w - j*h = 365, -3*w + 234 = 2*h - 0*h. What is the tens digit of w?
7
Suppose -5*b = -49 + 9. Suppose 4*v - b = 12. Suppose 4*j + 256 = 4*g, -116 = -g - g + v*j. What is the units digit of g?
8
Let o be (-72)/(-27)*-3*(-3)/6. Let a be 4/6 + 140/6. Suppose a = o*u - 20. What is the tens digit of u?
1
Let g be 2955/(-20) + (-6)/(-8). Let h be g*1*(-1)/3. Suppose 2*x - 2*z - 1 - h = 0, 5*x + 4*z - 80 = 0. What is the units digit of x?
0
Suppose 6*d - 840 = 5*d - 3*f, -2*d = 5*f - 1676. Suppose -5*i + d = -3*u, -3*i + 8*i = u + 836. What is the hundreds digit of i?
1
Let t be 2/6 + (1 - 1780/(-15)). What is the units digit of 3/(3/(-1)) - (-1 - t)?
0
Let v = 248 - 150. What is the tens digit of v?
9
Let r(u) = -3*u**3 + 3*u**2 - 2*u - 3. Let i be r(3). Let h be 4 - (-4 - i) - -3. What is the units digit of 4/5 - h/10?
6
Let s(v) = -v + 2. Let k be s(-6). Let f be k/(-3)*12/8. Let j = 15 - f. What is the tens digit of j?
1
What is the hundreds digit of (253/(-3))/(17/(-51))?
2
Let d(z) = -z**3 - z**2 + 2*z. Let o = 10 - 12. Let h be d(o). Suppose l = -h - 4, -5*u = -3*l - 32. What is the units digit of u?
4
Suppose -x - 1355 = -6*x. What is the hundreds digit of x?
2
Suppose -90*a + 132426 = -312804. What is the thousands digit of a?
4
Let s(y) = -y - 38*y**2 + 39*y**2 - 8 - 6*y. Let i be s(8). Suppose i*a - 3*a + 21 = 0. What is the units digit of a?
7
Suppose 267 - 71 = -l - 3*b, 0 = -5*l + 5*b - 880. What is the tens digit of 1 + (-8)/24 + l/(-3)?
6
Let w(p) = 540*p - 4. Let j be w(2). Let x be j/16 - 1/4. Suppose 115 = 3*o + 5*m, x = 2*o - m + 12. What is the units digit of o?
0
Suppose -2 = -5*x + 18. Suppose 0 = -4*v - 5*k + 224, -x*k + 5*k + 224 = 4*v. What is the tens digit of v?
5
Let r = 1 - 29. Let j be (-1)/(-4) + (-49)/r. Suppose -4*n = 4*y - 2*n - 132, -j*y = 3*n - 58. What is the units digit of y?
5
Let h be 5 + 33/(-27) + 4/18. Suppose 3*i = 5*d - 19, -48 + 13 = -5*i - 5*d. Suppose -h*n - 3*a = a - 32, i*a = -5*n + 31. What is the units digit of n?
5
Let t(m) = -m**2 + m + 28. Let q be t(0). Let z be (-2 - q/(-16))*-20. Suppose 3*r = -o + 26, -z*o + 10 = 2*r + r. What is the tens digit of r?
1
Suppose -12 = -5*t + 4*q, -2*t + 3*q = -0*q - 9. Let x be (t - -1)*(2 - 3). What is the units digit of ((-1 - 2) + -33)*x?
6
Let p(v) = -v**3 + 7*v**2 + 5*v - 7. Let l = -7 + 11. Let b be p(l). Suppose -5*t + n + 237 = 0, -b = -2*t + 4*n + 23. What is the units digit of t?
8
Suppose -3*n + 4*n - 4 = 0. Suppose 0 = -4*j - s - s - 138, -144 = 4*j + n*s. What is the tens digit of (-110)/33*j/2?
5
Let h = 97 - 48. What is the tens digit of h?
4
Let n(c) = -c**3 + 5*c**2 - c - 4. Let d be n(4). Let x(s) = 11 + d*s + 8 - 16. What is the tens digit of x(2)?
1
Let o(v) = v**2 + 1. Let w be o(-1). Let q(l) = 1 + 4*l**w - 2*l + 3 - 2 - 3. What is the units digit of q(-2)?
9
Let f = 79 + -61. Let a = f - -43. What is the tens digit of a?
6
Let r be (6/(-9))/((-2)/(-21)). Let d = 7 + r. Suppose d = 2*a - 28 - 6. What is the tens digit of a?
1
Suppose -40*t + 36*t - 12604 = -5*u, 2*u - 3*t - 5043 = 0. What is the hundreds digit of u?
5
Let u = 3096 - 2016. What is the thousands digit of u?
1
Let n = -8 - -16. Suppose 0 = 9*m - 8*m - n. What is the units digit of m?
8
Let u(h) = 119*h**2 - 3*h + 2. What is the tens digit of u(1)?
1
Suppose -52 - 96 = -2*c. Let t = -37 + c. What is the units digit of t?
7
Suppose 4*z = 6*z + 32. Let b = 45 + z. What is the tens digit of b?
2
Let k(o) = 57*o - 132. What is the units digit of k(11)?
5
Let a(q) = -3*q - 2. Suppose -7*t + 15 = -2*t. Let m(n) = -n - 1. Let d(c) = t*a(c) - 6*m(c). What is the units digit of d(-12)?
6
Let r(v) = 3034*v - 361. What is the tens digit of r(2)?
0
Let x(s) = s - 4. Suppose -5*w - 4 = -b + 1, -5 = -4*b + 5*w. Let i be x(b). Let p = i - -5. What is the units digit of p?
1
Suppose r - 5*r + 5*h + 291 = 0, 5*r + h - 400 = 0. Let g = 100 - r. What is the tens digit of g?
2
Let x(u) = -161*u + 2. What is the tens digit of x(-1)?
6
Let m = 2733 + -656. What is the units digit of m?
7
Suppose -21 = -6*z + 3. Let h = z - -16. What is the tens digit of h?
2
Suppose 0 = -4*z - 8, -h + 5*z = -2*h - 10. Suppose h = -4*o + 2 + 2. What is the tens digit of 24/(-12) + (o - -12)?
1
Let f(c) = c**3 - 45*c**2 - 311*c - 43. What is the hundreds digit of f(52)?
7
Suppose 0 = -6*w - 12. What is the units digit of (134 - 0)*(-1)/w?
7
Suppose 4 = c + 2. Suppose -3*z = -4*z + c. Suppose 3*g = z*g + 9. What is the units digit of g?
9
Let w(v) = -v**2 - 10*v + 8. Let h be w(-14). What is the units digit of ((-80)/h)/(1/54)?
0
Let g(f) = -f + 9. Let c = 10 + -20. What is the tens digit of g(c)?
1
Suppose 0 = -15*w + 1263 - 108. Let h(p) = p**2 + 7*p + 8. Let c be h(8). Let i = c - w. What is the units digit of i?
1
Suppose 36 = 13*k - 16. Suppose 3*t + 198 + 44 = 2*g, 3*t + 478 = k*g. What is the units digit of g?
8
What is the thousands digit of ((-1064712)/165 - 4/(-5))/(-2)?
3
Let t(k) = 2*k**2 + 4*k + 48. Suppose 3*r + 18 = -0. What is the units digit of t(r)?
6
Suppose -15196 = -3*s - 2*p, 3*p = s + 4*p - 5065. What is the tens digit of s?
6
What is the units digit of -5 + 10/4*-2 + 1403?
3
Let v be 17568/117 - (22/(-26) - -1). Let d = v - 98. What is the units digit of d?
2
Let v(c) = -53*c + 500. What is the tens digit of v(-53)?
0
Let z be (-2 - (4 + 36/(-8)))*-2. Suppose -z*a + 593 = -y, y - 986 = -5*a + 5*y. What is the units digit of a?
8
Let m be (-1)/(4/(-128)*2). Suppose 0*z = z - m. What is the tens digit of z?
1
Suppose -2 = 10*n - 32. What is the tens digit of 94/(-1)*n/(-6) + 3?
5
Suppose 0 = 58*u - 24446 + 1826. What is the units digit of u?
0
Suppose -4*p + 1289 = -1959. Suppose -p = -8*m + 804. What is the hundreds digit of m?
2
Let m(s) = -143*s - 84. What is the units digit of m(-10)?
6
Suppose 0 = -5*v + 4*m - 463 - 402, -701 = 4*v - 5*m. Let n = 243 + v. What is the units digit of n?
4
Let x be 1 + -3 + 1 - 1504. Let v be (-2)/6 - x/15. Suppose -8*k + v = -4*k. What is the tens digit of k?
2
Let s(u) = 128*u - 340. What is the tens digit of s(6)?
2
Let u = 12 - 11. Let t(w) = 0 - 24*w + 14*w - u. What is the units digit of t(-1)?
9
Let n = 3901 - 1606. What is the tens digit of n?
9
Let n = -366 - -1554. What is the thousands digit of n?
1
Let t(d) = 2 - 4 - 2*d + 4*d - 29*d. What is the hundreds digit of t(-6)?
1
What is the hundreds digit of 383 + 0 - (-6 - (4 - 14))?
3
Let g be 0/(2 + (0 - 1)). Suppose g = 19*o - 22*o + 684. What is the hundreds digit of o?
2
Let x(c) = 283*c - 160. What is the tens digit of x(5)?
5
Suppose 198*u + 18 = 192*u. Let q be 5/(-4) - 1/(-4). Let k = q - u. What is the units digit of k?
2
Suppose 0 = -2*h + r - 19, -5*h + 3*r - 61 = 5*r. What is the units digit of (-68)/h + (-18)/99?
6
Let p be (-26)/(-14) + -2 + (-5970)/(-42). Let v = p + -54. What is the tens digit of v?
8
Let s(t) = -t**2 + 7*t - 3. Let y be s(6). Suppose -2*a - y*a + 330 = 0. What is the units digit of a?
6
Let t(a) = -3*a + 6. Let r be t(-6). Suppose -r = -2*z + 5*v + 96, -4*z + 4*v = -228. What 